 is divided by 21.
18
Let k = 21865 + -21845. What is the remainder when 124 is divided by k?
4
Suppose 23*v - 375 = 8*v. Let q = -129 - -85. Calculate the remainder when v is divided by 312/22 - (-8)/q.
11
Suppose 33*i - 2*i = -i + 672. Calculate the remainder when 3882 is divided by i.
18
Suppose 32*k - 13331 = 7*k + 3019. What is the remainder when k is divided by 165?
159
Suppose 719*p = 855*p - 66912. Calculate the remainder when p is divided by 58.
28
Suppose 0 = 18*m - 39 - 33. What is the remainder when 660/154 - (0 - m/(-14)) is divided by 3?
1
Suppose -187*q + 3 = -188*q - 5*o, -q = -4*o - 6. Let c = 446 - 287. Suppose q*g - c = -g. Calculate the remainder when g is divided by 14.
11
Let f = -5 - -7. Suppose 5*n + 12 = -i, -3*i + f*n - 5*n = 0. Let z = -532 - -534. Calculate the remainder when i is divided by z.
1
Suppose 77 = -27*u + 16*u. What is the remainder when ((-56)/u)/(3/21) is divided by 34?
22
Let o = 747 - 740. Suppose 5*k + 25 = 0, k + 53 = -o*u + 9*u. Calculate the remainder when 60 is divided by u.
12
Let a = -364 - -560. Let q be (-1)/(-2 + 27/15). Suppose 0 = 4*v + 2*g - 376, -2*v - a = -4*v - q*g. Calculate the remainder when v is divided by 24.
21
Suppose 2*c + 4*y + 7 - 23 = 0, -23 = -4*c - 5*y. Calculate the remainder when 6 - (c + 3 - 253) is divided by 51.
50
Let j = -9845 + 9934. Calculate the remainder when 1421 is divided by j.
86
Suppose 197 = -19*j + 1014. Calculate the remainder when 13972 is divided by j.
40
Let k(x) = -x**2 - 46*x + 257. Let m be k(-51). Suppose -m*w = 2*w - 100. Calculate the remainder when 48 is divided by w.
23
Let h(z) = 2*z - 31. Let t = 1 - -13. Let g be h(t). What is the remainder when (0 + g/(-6))/(10/2680) is divided by 45?
44
Let y = 179 - 579. Let w = y - -424. Calculate the remainder when w is divided by 4.
0
Let u(c) = 6*c**2 - 3*c + 188. What is the remainder when u(0) is divided by 26?
6
Let c = 67 - 45. Let f = 7490 + -7341. Calculate the remainder when f is divided by c.
17
Suppose -4*z + 47*n + 1337 = 44*n, z + 4*n - 358 = 0. What is the remainder when z is divided by 154?
30
Let g = 6097 + -6058. Calculate the remainder when 224 is divided by g.
29
Let v(p) = -31*p - 668. What is the remainder when v(-27) is divided by 21?
1
Suppose 3*n - 294 = 72. Suppose -4*a - 100 = -4*t, 0 = -4*a + a - 23 + 5. Calculate the remainder when n is divided by t.
8
What is the remainder when 527 is divided by (3570/84)/(-5)*(-1 + -3)?
17
Suppose 3*y + 4*m - 2*m = 125, -5*m = 25. Let x be (1356/10 - 2)/(18/y). Let z = x + -165. Calculate the remainder when z is divided by 34.
33
Let z = 48 + -20. Let k be 21/z - 1/(-4). Calculate the remainder when 56 is divided by (-16)/16*k*-19.
18
Let v(n) = n**2 - 18*n + 63. Let f be v(10). Calculate the remainder when f/(-68) + 609/12 + -1 is divided by 24.
2
Suppose 99 - 59 = 5*s. Let a(j) = 21*j - 2*j - 10*j + 17 - s*j. What is the remainder when 39 is divided by a(4)?
18
Let x = -4830 + 4845. What is the remainder when 232 is divided by x?
7
Let d be (-7)/((-28)/(-16))*-1. Suppose -4*a - 2 + 16 = 2*y, -d*y - 2*a = -58. What is the remainder when y is divided by (-9)/2*(-4)/3?
5
Let z(v) = v**3 + 15*v**2 - 4*v + 24. Let l(f) = -4*f**2 - f - 1. Let y(i) = 5*l(i) + z(i). Calculate the remainder when 50 is divided by y(6).
0
Suppose 3677 = 119*d - 5605. Calculate the remainder when 1484 is divided by d.
2
Calculate the remainder when 6695/26 + 3/6 - 1 is divided by 19.
10
Let c = -6425 - -8549. Calculate the remainder when c is divided by 71.
65
Suppose -d + 5 = a, 6*a = -3*d - 1 + 10. What is the remainder when 1087 is divided by d?
2
Let p(n) = 3*n**3 - 3*n**2 - 2*n + 5. Suppose -70*l + 73*l - 9 = 0. Calculate the remainder when 201 is divided by p(l).
42
Let c = 637 - 580. Suppose c*x - 810 = 42*x. Calculate the remainder when 753 is divided by x.
51
Suppose 2 + 22 = 2*r. Let n = r - 7. Let a = 17 - n. Calculate the remainder when 23 is divided by a.
11
Let f = 90 + -38. Suppose 4*g = 11*g + 343. Let u = -44 - g. What is the remainder when f is divided by u?
2
Let j(h) = -h**3 - 26*h**2 + 58*h + 60. Let a be j(-28). Calculate the remainder when (-13)/((a/10)/(114/(-95))) is divided by 20.
19
Let z be (-4)/6 + 6/(-45)*-35. Suppose -3*v + 171 = -2*j, -5*v - 3*j + 355 - 51 = 0. Calculate the remainder when v is divided by z/6 - 48/(-9).
5
Suppose -4*o = l - 50 - 9, 0 = 5*o - 2*l - 64. Suppose -3*b - 2*m = -168, -2333*b - 3*m + 278 = -2328*b. What is the remainder when b is divided by o?
10
Let m(b) = -6*b**3 - 6*b**2 - 8*b - 2. Let d be m(-2). Let n = d - 37. What is the remainder when 78 - (n - 1)/(-4) is divided by 9?
6
Calculate the remainder when 324 is divided by (114/21)/(16/56).
1
Let i be (1 - 2)/((-1)/54). Suppose -151 = 5*t + 4*u, -3*u + 35 + 88 = -5*t. Let r = i + t. What is the remainder when 52 is divided by r?
25
Let j = 359 + -357. Suppose -4*o - 9 = -z, o = -j*z + 49 - 4. What is the remainder when z is divided by 1 + (-2)/(2/(-3))?
1
Suppose 2*g - 3*h = 9924, 33*h - 57*h + 14772 = 3*g. What is the remainder when g is divided by 41?
36
Let p = 81 + -74. Calculate the remainder when 2410/90 + (-2)/(-9) is divided by p.
6
Let d = -24 - -60. Let u(w) = -2*w - 9. Let i be u(-6). Let f = i - -19. Calculate the remainder when d is divided by f.
14
Let n(b) = -4*b - 14. Let y be n(-3). Let w be 28/y - 1/(1/(-2)). Calculate the remainder when (-323)/(-8) + w/32 is divided by 14.
12
Suppose -284*y = -297*y + 234. What is the remainder when 195 is divided by y?
15
Let p(k) = k**3 + 14*k**2 + 8*k - 30. Suppose 0 = c + 3*c + 52. Suppose 130 = -8*s + 18*s. Calculate the remainder when p(c) is divided by s.
9
Let h be 30/105 + 2*2/(-14). Suppose h = u + 24 - 28. Suppose -12*t = u*t - 752. Calculate the remainder when t is divided by 16.
15
Let d = 61 - 41. What is the remainder when d is divided by (-2 - -4) + 8 + (-252)/63 - -8?
6
Suppose -5*q = -1015*t + 1010*t - 55, -2*t = -5*q + 37. Let i(w) = 2*w + 6. Let k be i(9). Let h = -6 + k. Calculate the remainder when h is divided by q.
3
Suppose -4*n - 74 = -5*r, -5*r - 4*n = -3*r + 4. Calculate the remainder when 13719 is divided by r.
9
Suppose 13*h = -47*h + 102*h - 8988. Calculate the remainder when h is divided by 28.
18
Suppose 436*r = -59304 + 473940. What is the remainder when r is divided by 463?
25
Calculate the remainder when 110 is divided by 18953/209 + (-90)/(-285).
19
Let k(j) = 16*j + 230. Let s(w) = -w**3 - 8*w**2 - 16*w - 39. Calculate the remainder when k(-12) is divided by s(-7).
14
Let h(f) = -2*f**3 + 8*f**2 - f - 18. Calculate the remainder when h(-9) is divided by 84.
81
Suppose 0 = 4*q - 4*s - 4080, 2*q - 1748 - 271 = -5*s. What is the remainder when q is divided by 14?
9
Let h = -50 + 73. Let t = 5574 - 5559. Suppose h = l + t. Calculate the remainder when l is divided by 6.
2
Let m(b) = b**3 - 11*b**2 - 9*b + 12. Let v be m(12). What is the remainder when (-1)/(v/(-16578)) - (-12)/(-32) is divided by 89?
78
Suppose 4*b - 2*u - u - 24786 = 0, 5*b - 30963 = 7*u. Calculate the remainder when b is divided by 44.
41
Suppose 47*p - 13192 = -54*p + 15896. What is the remainder when 297 is divided by p?
9
Let d = 1948 + -1777. Calculate the remainder when 201 is divided by d.
30
Suppose -4*k + 86 = -f - 1175, 5*k = 3*f + 1571. Suppose -k*w + 300*w + 240 = 0. Calculate the remainder when ((-112)/12)/((-2)/6) is divided by w.
13
Suppose -153 - 27 = -4*z. Suppose 2009*g = 2013*g - 48. What is the remainder when z is divided by g?
9
Let n(h) be the third derivative of h**5/60 - 5*h**4/24 - 8*h**3/3 - 4*h**2. Let m be n(8). What is the remainder when (12 - m)/((2/31)/1) is divided by 23?
16
Suppose 23373 = -557*m + 620*m. What is the remainder when m is divided by 20?
11
Let r = -10 - -14. Suppose 5 = -2*u + 17. Suppose n + r = u. What is the remainder when 14 is divided by n?
0
Let t(p) = -20 + 29 + 3*p**2 - 18 + 3*p. Let f(r) = -4*r**2 - 3*r + 8. Let i(c) = -4*f(c) - 5*t(c). What is the remainder when i(-10) is divided by 29?
27
Suppose 0 = -k - 4, 3*k = -2*s + 5*s - 372. Calculate the remainder when s is divided by (-8)/(416/91)*(5 + -1) - -72.
55
Let v(z) = 56*z**2 + 4369*z + 139. Calculate the remainder when 2799 is divided by v(-78).
54
Let n(g) = g**2 + 2*g - 2. Let i be n(-